 is f(6)?
-21
Let s(z) = -6*z + 21. Give s(5).
-9
Let n(z) = z**3 + 3*z**2 - 9*z - 1. Calculate n(4).
75
Let l(s) = s**2 + 11*s + 6. Calculate l(-7).
-22
Let c(q) = -31*q - 13. Give c(-3).
80
Let p(u) = -u**3 + 24*u**2 + 3*u - 5. Give p(24).
67
Let x(v) = v**2 - 9*v + 19. Determine x(8).
11
Let c(y) = 2*y - 88. What is c(41)?
-6
Let y(w) = 10*w - 1. What is y(2)?
19
Let u(y) = -17*y**3 - y**2. What is u(1)?
-18
Let q(v) = 9*v - 3. Give q(-9).
-84
Let d(z) = z**2 - 17*z - 144. What is d(23)?
-6
Let f(u) = -u**2 - 7*u - 43. Give f(-7).
-43
Let c(q) = -10*q + 84. What is c(17)?
-86
Let n(l) = 8*l. What is n(3)?
24
Let m(o) = -50*o**2 - 1. Calculate m(1).
-51
Let k(l) = -5*l**2 + 12*l + 24. Give k(-2).
-20
Let m(u) = u**2 - 35*u + 125. Calculate m(4).
1
Let k(l) = -l**2 + 14*l - 28. Determine k(13).
-15
Let h(a) = a**2 - 2*a - 16. Give h(3).
-13
Let a(t) = -3*t + 2. Give a(1).
-1
Let v(s) = s - 26. Calculate v(-2).
-28
Let z(s) = s**3 + 7*s**2 - 8*s - 2. Calculate z(-8).
-2
Let c(b) = -4*b - 19. Give c(-7).
9
Let p(j) = -j**2 - 2*j + 18. What is p(-5)?
3
Let d(l) = -l**2 + 4*l + 19. Give d(-6).
-41
Let d(g) = -g**2 + 48*g + 386. Determine d(-7).
1
Let b(h) = 3*h - 4. What is b(3)?
5
Let b(c) = c**3 - 17*c**2 + 13*c + 13. Determine b(16).
-35
Let c(z) = 2*z - 1. Give c(-3).
-7
Let b(i) = i**3 - 8*i**2 - i - 3. Determine b(7).
-59
Let h(s) = s**3 + 23*s**2 - 21*s + 96. What is h(-24)?
24
Let s(q) = -q**2 + 7*q - 5. Calculate s(8).
-13
Let v(q) = -5*q**2 - 6*q - 6. Determine v(-3).
-33
Let r(o) = 6*o - 69. Give r(17).
33
Let b(i) = 2*i**2 - 4*i + 3. Calculate b(3).
9
Let n(a) = a**3 - 7*a**2 - 8*a + 10. What is n(7)?
-46
Let y(n) = n**2 + 5*n - 28. What is y(-8)?
-4
Let b(w) = w**3 + w**2 - 3*w + 3. Give b(2).
9
Let j(d) = 6*d - 2. Calculate j(-2).
-14
Let v(p) = p**3 - 3*p**2 - 7*p + 3. Give v(4).
-9
Let q(x) = -6*x**3 - 2*x**2 - 4*x - 2. Determine q(-2).
46
Let i(p) = 8*p - 11. Determine i(-4).
-43
Let f(m) = m**3 + 2*m**2 - m. Determine f(-3).
-6
Let t(v) = v**2 + 9. Determine t(0).
9
Let v(l) = -l**2 - 2*l + 9. Determine v(8).
-71
Let g(s) = s**3 + 2*s - 26. What is g(0)?
-26
Let u(f) = -3*f**3 - 58*f**2 - 19*f + 10. Determine u(-19).
10
Let q(l) = -13*l + 2. Give q(2).
-24
Let g(t) = 7*t**2 + 22*t - 46. Give g(2).
26
Let m(w) = -5*w + 15. Calculate m(3).
0
Let m(n) = -n**2 - 2*n - 15. Determine m(0).
-15
Let p(m) = 17*m - 80. Calculate p(5).
5
Let c(s) = -2*s**3 + s. What is c(-2)?
14
Let p(l) = -l - 6. What is p(-6)?
0
Let d(r) = 3*r - 73. What is d(16)?
-25
Let b(z) = -z**2 + 6. Give b(5).
-19
Let h(p) = -p**2 - 7*p - 6. What is h(-7)?
-6
Let o(b) = b**2 + 32*b + 56. Determine o(-25).
-119
Let z(l) = 4*l - 24. What is z(7)?
4
Let g(l) = -l**3 + 15*l**2 + 25*l - 154. Determine g(16).
-10
Let u(w) = -4*w**2 - 13*w + 1. Determine u(-4).
-11
Let x(h) = h**2 + 10*h - 35. What is x(-12)?
-11
Let o(d) = -36*d**2 - 2*d. Determine o(-1).
-34
Let g(j) = -12*j**3 - j**2 + j - 1. Give g(1).
-13
Let u(l) = -8*l - 24. Give u(-4).
8
Let x(u) = -3*u - 17. Calculate x(-14).
25
Let u(m) = -6*m**3 + 2*m**2 - 3*m + 7. Determine u(2).
-39
Let b(h) = h**3 + 7*h**2 + 8*h + 19. Give b(-3).
31
Let d(h) = 2*h**2 - h - 8. Calculate d(3).
7
Let s(z) = -z - 13. What is s(-15)?
2
Let i(c) = c**2 - 5*c - 457. Determine i(24).
-1
Let c(o) = o**2 - 8*o - 3. What is c(6)?
-15
Let b(y) = 22*y**2 - 173*y - 8. Determine b(8).
16
Let k(u) = -u**3 - 4*u**2 + 5*u + 15. Give k(-4).
-5
Let t(g) = 6*g - 6. Give t(4).
18
Let o(l) = 5*l**3 + 16*l + 32. Give o(-2).
-40
Let n(x) = -x**3 + 4*x**2 + x + 7. Calculate n(5).
-13
Let d(v) = -23*v - 5. Calculate d(-1).
18
Let l(w) = -26*w**3 + 2*w**2 + w. Give l(-1).
27
Let r(a) = -8*a - 7. Calculate r(-5).
33
Let i(v) = -18*v. Calculate i(2).
-36
Let a(c) = -c**3 - 10*c**2 - 11*c - 1. Determine a(-9).
17
Let l(v) = 9*v - 75. Give l(8).
-3
Let r(k) = -k**3 - 5*k**2 - 4*k - 12. Calculate r(-4).
-12
Let f(o) = -2*o - 18. Determine f(-9).
0
Let a(n) = -15*n + 125. Give a(9).
-10
Let z(f) = -16*f - 2. Calculate z(-1).
14
Let d(v) = v**2 - 2. Give d(0).
-2
Let a(g) = 27*g - 7. Determine a(3).
74
Let j(q) = -q**3 - 7*q**2 - 9*q - 7. Give j(-6).
11
Let i(d) = -39*d - 8. Give i(-1).
31
Let q(r) = 16*r + 102. What is q(-6)?
6
Let p(t) = -9*t - 377. Calculate p(-42).
1
Let x(t) = 4*t + 20. Determine x(-9).
-16
Let s(f) = f**2 - 8*f - 2. Determine s(7).
-9
Let t(z) = z**2 + 21*z + 103. Calculate t(-7).
5
Let f(x) = -x**2 + x + 12. What is f(6)?
-18
Let j(d) = -6*d + 6. Give j(-13).
84
Let q(v) = v**2 + v - 6. Give q(-5).
14
Let o(w) = -w**2 + 10*w - 4. Determine o(13).
-43
Let i(h) = -2*h - 32. Give i(-9).
-14
Let b(x) = -5*x**2 - 108*x - 57. Give b(-21).
6
Let v(l) = l**3 - 29*l**2 + 53*l - 3. Calculate v(27).
-30
Let a(z) = z**3 - 9*z**2 - 3*z + 9. Calculate a(8).
-79
Let h(v) = -v**3 - 14*v**2 - 13*v + 9. Calculate h(-13).
9
Let g(w) = -3*w**3 + 3*w**2 - 3*w + 1. What is g(1)?
-2
Let y(l) = 5*l**3 + 31*l**2 + 4*l + 2. Determine y(-6).
14
Let r(t) = 73*t + 1168. Determine r(-16).
0
Let c(y) = 14*y - 492. Determine c(35).
-2
Let t(v) = v**2 + 28*v + 36. Calculate t(-27).
9
Let w(i) = i**3 - 17*i**2 - 2*i + 32. What is w(17)?
-2
Let m(k) = 2*k - 27. What is m(10)?
-7
Let c(g) = -g**3 + 7*g**2 + 9*g - 6. Give c(8).
2
Let i(v) = 3*v**2 + 15*v + 9. What is i(-6)?
27
Let t(q) = q**2 - 10*q + 25. Calculate t(7).
4
Let c(l) = -23*l**2 + l + 2. Calculate c(2).
-88
Let j(k) = k**3 + 6*k**2 + 7*k + 2. Give j(-5).
-8
Let s(r) = 7*r - 3. Determine s(-2).
-17
Let d(u) = 34*u**2 - 2*u - 1. Determine d(-1).
35
Let q(h) = 3*h**2 - 52*h - 37. Calculate q(18).
-1
Let n(t) = -14*t**3 + 5*t**2 + 4*t. Calculate n(-1).
15
Let d(q) = q**3 + 3*q**2 - 8*q - 3. What is d(-5)?
-13
Let n(o) = o**3 - 3*o**2 + o - 1. Give n(4).
19
Let v(y) = y**2 - 13*y - 2. Calculate v(13).
-2
Let t(o) = o**2 + 107*o + 318. Determine t(-3).
6
Let t(w) = 2*w**3 + 50*w**2 - 4*w - 40. What is t(-25)?
60
Let r(t) = -5*t**2 - 39*t - 4. Give r(-8).
-12
Let h(p) = -4*p - 14. Determine h(-5).
6
Let i(n) = n**2 + 5*n - 1. Give i(-6).
5
Let o(g) = -g**3 + 10*g**2 - 6*g - 30. Calculate o(9).
-3
Let l(p) = -p**3 - 7*p**2 - 4*p - 8. Calculate l(-4).
-40
Let s(i) = i**3 + 17*i**2 + 19*i + 52. Calculate s(-16).
4
Let f(p) = p - 35. Calculate f(6).
-29
Let w(l) = 3*l**2 - 9*l + 12. Give w(5).
42
Let c(h) = 4*h**3 + 41*h**2 + 8*h - 27. Determine c(-10).
-7
Let b(d) = -22*d**2 - d. Calculate b(1).
-23
Let f(t) = t**2 + 4*t - 15. What is f(-9)?
30
Let x(h) = -h**3 - 5*h**2 - 3*h. Give x(-2).
-6
Let a(m) = -11*m**2 + 1. Determine a(-2).
-43
Let s(o) = 2*o**3 + 10*o**2 - 8*o + 10. What is s(-5)?
50
Let m(j) = -j**3 - 6*j**2 - j - 1. What is m(-4)?
-29
Let u(z) = -z**3 - z - 25. What is u(0)?
-25
Let n(r) = r**3 + r**2 - 5*r + 1. Determine n(-3).
-2
Let j(b) = -b**3 - 40*b**2 + b + 28. Calculate j(-40).
-12
Let w(o) = -3*o**3 + 2*o**2 - 6*o - 9. Give w(-1).
2
Let h(q) = 180*q - 716. Determine h(4).
4
Let n(k) = k**3 - 3*k**2 + 7*k - 16. Calculate n(3).
5
Let h(z) = -z**3 - 8*z**2 - 16*z - 9. What is h(-7)?
54
Let s(l) = l**2 - 89*l + 13. Give s(0).
13
Let o(l) = l**2 - 9*l + 14. What is o(8)?
6
Let x(p) = -p**2 - 11*p - 2. What is x(-7)?
26
Let d(c) = -c**3 - 3*c**2 + 3*c + 7. Determine d(-4).
11
Let k(s) = s**3 + 9*s**2 - 4*s - 14. Determine k(-10).
-74
Let p(b) = b**3 - 9*b**2 + 2*b - 41. Determine p(9).
-23
Let j(z) = 2*z**3 + 12*z**2 + 9*z + 2. What is j(-5)?
7
Let v(r) = -10*r - 4. Determine v(5).
-54
Let q(f) = f**2 + 8*f + 9. Determine q(-6).
-3
Let v(w) = -w**3 + 8*w**2 - 3*w - 35. Calculate v(7).
-7
Let t(s) = 3*s - 6. Determine t(0).
-6
Let v(p) = -5*p + 179. What is v(37)?
-6
Let u(t) = t**3 - 2*t**2 - 35*t - 38. Give u(-4).
6
Let q(g) = -11*g**3 + 2*g**2 + g - 2. Calculate q(1).
-10
Let s(d) = 7*d**2 - 5*d + 5. Give s(1).
7
Let z(f) = -4*f + 49. Determine z(17).
-19
Let j(u) = -5*u + 86. Give j(16).
6
Let o(m) = 12*m - 570. What is o(47)?
-6
Let k(s) = -21*s + 126. Calculate k(6).
0
Let r(x) = x**2 + 15*x + 49. Give r(-6).
-5
Let i(z) = -z**3 - 7*z**2 + 5*z - 18. Give i(-8).
6
Let r(s) = s**3 + 33*s**2 + 66*s + 128. Give r(-31).
4
Let h(i) = -14*i + 128. What is h(11)?
-26
Let w(u) = 2*u**2 - 19*u - 38. Calculate w(11).
-5
Let d(j) = j**2 + 4*j - 3. What is d(-5)?
2
Let s(a) = -a**2 + 8*a + 5. Determine s(